*m**2 - 59*m + 33. Suppose 0 = -5*n - 100 - 50. Let z be o(n). Let h(p) = p + p + 1 + 2 - 5*p. Give h(z).
-6
Let i(u) = 7*u**3 + u**2 - u. Let x = 629 - 720. Let a be x/78 + (-2)/(-12). Determine i(a).
-5
Let a be 4/((-10)/(-55)*11). Let p(z) be the first derivative of z - 6 + 2/3*z**3 - 3/2*z**a. Determine p(2).
3
Suppose -j = 2*q - 45, -j = -4*q + 139 - 58. Let y(p) be the first derivative of q + 0*p + 3/2*p**2. Give y(-1).
-3
Let g(j) = j**2 - 3*j - 2. Suppose -52 = 5*x - 42. Let p(q) = q**3 + 2*q**2 - 7*q - 9. Let z be p(x). Give g(z).
8
Let q(u) = -u + 1. Let x(o) = -o**2 - 18*o - 80. Let p be x(-9). Let r be (-110)/(-7) - 2/(-7). Let m be (-9*p)/((-24)/r). Calculate q(m).
-5
Let v(o) = 3*o + 215 - 458 - o**2 - 4*o + 234. Suppose 7*t + 25 = 4*p + 2*t, -9 = -p + 4*t. Suppose -2*u + p*u = 0. Determine v(u).
-9
Let b(i) = 2*i - 5. Let l(r) = -r + 3. Let x(n) = -3*b(n) - 5*l(n). Let u be (-2)/9 + (-2355)/(-27). Let s = 86 - u. Determine x(s).
1
Let d(i) = 9*i**3 + 2*i**2 + 30*i + 10. Let z(k) = 41*k**3 + 9*k**2 + 122*k + 44. Let a(w) = -9*d(w) + 2*z(w). Give a(-5).
3
Let d(q) = 16*q - 22. Let j(l) = 32*l - 41. Let g(c) = 7*d(c) - 4*j(c). Let n(p) = -30*p + 19. Let r(u) = 11*g(u) - 6*n(u). Calculate r(-4).
-20
Let d(r) = 48 + 25 + 10*r - 5*r - 29 - 9*r. What is d(10)?
4
Let w(n) = 3567*n - 7128*n - 43 + 3572*n. What is w(4)?
1
Let u(l) = l**3 + 1315*l + 10 + 1329*l + 17*l**2 - 2628*l. What is u(-16)?
10
Let q(r) be the first derivative of r**4/2 + 7*r**3/3 + r**2/2 - 6*r + 5935. Determine q(-4).
-26
Let w(u) be the second derivative of u**4/12 + u**3 - 7*u**2/2 - 2017*u. Let v be (3/3)/((-1)/5). Give w(v).
-12
Let m(r) = r - 1. Let p(l) = 5*l - 3. Let a(x) = -9*m(x) + 2*p(x). Let s(f) be the third derivative of f**4/24 - f**3/3 - 2*f**2. Let k be s(5). Give a(k).
6
Let z(a) = 2*a**3 + 5*a**2 + 4*a - 1. Suppose 2*n + 28*n = -60. What is z(n)?
-5
Let l(j) = 6*j - j**2 - 5 + 0*j**2 - 4 + 6. Let h be 6/4*(-8)/(-12). Let n be (7 - (-1 + h)) + -1. Calculate l(n).
-3
Let l(q) = 5*q + 73. Let r(v) = v**2 + 32*v + 73. Let i be r(-29). Let k be l(i). Let n(s) = 2 - 5*s + 3*s + 0. What is n(k)?
-4
Let z be (-70)/(-7)*32/(-10). Let k = z - -53. Suppose 0*f - 3*f = -3*v - k, -3*v + 4*f = 22. Let i(a) = a - 8. Determine i(v).
-14
Let x(w) = 23*w - 356. Let s be -3 + 81/18 + 16 + 25/(-10). Determine x(s).
-11
Let f = -15 + 19. Suppose 14 = f*n - 2*g, -5*g = n - 11 - 9. Let o(k) = 498*k + k**2 + n - 3 - 496*k. Determine o(-2).
2
Let g be 12/(-54) + 58/18. Let i(x) = -467 + 467 + x + g*x. Determine i(-4).
-16
Let n(a) = 2*a**3 + 3*a**2 + 38*a + 66. Let w be n(-2). Let h(s) = 2*s**2 + 28*s + 4. What is h(w)?
4
Let b(v) = 2*v + 3. Let x(n) = 3*n + 4. Let p(y) = -5*b(y) + 4*x(y). Suppose -9*t = -7*t - 18. Determine p(t).
19
Suppose -26*g = -9643 + 9513. Let y(i) = -i**2 + 20. Determine y(g).
-5
Let x(d) be the third derivative of -d**4/12 + d**3/2 - d**2. Let n be 1*-26*(375/10)/(-15). Suppose 6*j + 47 = n. Calculate x(j).
-3
Let r(k) be the first derivative of k**5/60 - 7*k**4/24 - 7*k**3 - k**2 - 78. Let h(s) be the third derivative of r(s). Give h(-4).
-15
Let b be 2/(-8) + (-117)/12. Let j(h) = -6*h**2 - 11*h + 104. Let f(t) = t**2 - 21. Let o(w) = -5*f(w) - j(w). Give o(b).
-9
Let m(w) = -w - 2. Suppose 57 = s - 121. Suppose -3*k - v - s = 0, 0*k + 3*v = 2*k + 137. Let c = k - -66. What is m(c)?
-7
Let r be (0*(-2)/(-4))/(-14 - (-17 - 0)). Let n(b) be the third derivative of r + 0*b - 18*b**2 - b**3 + 1/12*b**4. Give n(9).
12
Let y(b) be the second derivative of b**3/6 - 14*b**2 + 2*b - 20. Determine y(14).
-14
Suppose 0 = -i - 9. Let u(s) be the third derivative of -s**4/24 - s**3 + 35*s**2 + 50*s. Give u(i).
3
Suppose -15*o = 5*o - 160. Let u(i) = -14*i + 9. Let f(s) = -42*s + 24. Let k(t) = o*u(t) - 3*f(t). What is k(-1)?
-14
Let h be (-322)/77 + -4 - (-10)/(-165)*-3. Let b(d) = 5*d + 38. Determine b(h).
-2
Let c(o) = -o**3 + 7*o**2 - 5*o - 5. Let z be 24*2/96*(-1 - 9). Let s(d) = -10*d**2 - 1 - 2 - 2*d**3 + 9. Let n be s(z). Give c(n).
1
Let z(f) = -30*f**2 + 175*f + 170*f - 351*f - 6. What is z(-1)?
-30
Let x(q) = 687 + 559 - 22*q - 1108. Calculate x(6).
6
Suppose -200*l + 376 = -153*l. Let u(d) be the second derivative of -2*d + 0 + 1/6*d**3 + l*d**2. Determine u(-7).
9
Let b = -345 - -345. Let l(g) = g**2 + 6*g + 6. Let x(j) = j. Let v(q) = l(q) - 6*x(q). What is v(b)?
6
Let x(b) = -b - 34. Let n(z) = -11*z - 215. Let p be n(-18). Give x(p).
-17
Let b(m) = -73*m**2 - 4 + m + m**3 + 18*m - 4*m + 62*m**2 - 6*m. Give b(10).
-14
Let v(m) be the first derivative of -m**4/4 + 43*m**3/3 - 39*m**2/2 - 101*m + 2586. What is v(42)?
25
Let h = 1591 + -1611. Let g(c) = -c**3 - 20*c**2 + 2*c + 44. What is g(h)?
4
Let s = 4199 + -4191. Let h(p) = 2*p**2 - 20*p + 34. What is h(s)?
2
Let o(l) be the second derivative of 3*l**5/20 - 5*l**4/12 - l**3/2 + 2*l**2 - 779*l. Give o(-2).
-34
Let p(q) = 6 + 5 - 4 + q + 8. Suppose -230 = 12*b - 50. What is p(b)?
0
Let q(o) = -o + 15. Let d(g) = 2*g**2 + 3*g + 3. Let m(h) = -2*h + 38. Let y be m(19). Let l be d(y). Let c be (-5 + l + 3)*0. Determine q(c).
15
Let k(y) = 17*y + 1710. Let c be k(-102). Let h(m) = m**3 + 24*m**2 + 4*m + 63. Determine h(c).
-33
Let i(o) = -o**2 - 22*o - 18. Let n be i(-21). Let z(v) = n*v - 4*v - 1 + 2. Let l = -349 - -352. What is z(l)?
-2
Let l(u) = -3*u + 2. Suppose -5 = -3*t + 2*i, 4 - 24 = -4*i. Suppose 0 = t*s + 10*s + 90. Determine l(s).
20
Let i(t) = 2*t + 7. Let r be 384/(-27) - (-4)/18. Let u(d) = -d - 3. Let a(o) = r*u(o) - 6*i(o). Suppose 29*f + 23 = -6. Determine a(f).
-2
Let d(r) = -r**3 + 11*r**2 - 9*r - 38. Suppose -39996 + 40536 = 60*h. Calculate d(h).
43
Let t(s) = -24*s**2 - 4*s + 5. Let b(d) = 54*d**2 + 9*d - 11. Let x(q) = -2*b(q) - 5*t(q). Determine x(2).
49
Let s(v) be the third derivative of 1/6*v**3 - 1/24*v**4 + 0 + 0*v - 60*v**2. Let i be 3/3*2 - 1. What is s(i)?
0
Let z(n) = 237*n + 231*n - 470*n + 17. Calculate z(8).
1
Let w(g) be the third derivative of -g**6/120 + g**5/12 + g**4/3 - 5*g**3/3 - 10*g**2 + 45*g. What is w(6)?
2
Let k(q) = 11*q**3 + 12*q**2 + 11*q + 109. Let c(y) = -7*y**3 - 8*y**2 - 7*y - 68. Let p(h) = 8*c(h) + 5*k(h). Let s(b) = -b + 4. Let i be s(7). Calculate p(i).
-5
Let s = -36236 + 36232. Let i(f) = -f**2 + 84*f + 358. Determine i(s).
6
Let z(i) = 21*i**2 - i + 1. Let g be ((-6)/(-4))/((-6)/24*-6). What is z(g)?
21
Suppose 49 = 2*t - 59. Let y = 60 - t. Suppose -y*a + 18 = -0*a. Let b(m) = 2*m**3 - 3*m**2 - 4*m - 1. What is b(a)?
14
Suppose 14*o = 2*o + o. Let x(j) = -2 - 183*j**2 - 5*j + o - 4 + 182*j**2. Let b = -13 + 8. Give x(b).
-6
Let h(k) = -262*k + 2351. Let u be h(9). Let l be -1 - (-2 + -3) - -1. Let r(f) = 6 - l*f + 1 - f**2 - 7. Give r(u).
-14
Let w(r) = 2*r**2 - 22*r + 19. Let f be w(10). Let j = -3 + 2. Let l(k) = 6*k - 3. Let d(z) = -z + 1. Let o(q) = f*l(q) + j*d(q). What is o(-2)?
12
Let c(o) = -2*o**3 - 2*o**2 + o - 2. Let n(j) = j. Let z be n(0). Suppose -g + 6*g - 20 = z. Suppose -g*q = -5*q - 4*i + 10, 3*i - 7 = -q. Calculate c(q).
4
Let m(c) = -c**3 - 228*c**2 + 3133*c - 3. Let d be m(13). Let a(k) = -k - 20. Give a(d).
-17
Let n(h) = -82*h - 19. Let z(g) = -29*g - 6. Let c be 81/18*((-2)/6 + -1). Let i(p) = c*n(p) + 17*z(p). Determine i(11).
1
Let c(f) be the third derivative of f**2 + 0*f + 0 - 2/3*f**3 + 1/8*f**4. Let q be (12/(-12) - (-4 + 1)) + 1. Determine c(q).
5
Let g(x) be the third derivative of 5*x**4/24 + 13*x**3/6 + 29*x**2 - 55*x + 2. Give g(-5).
-12
Let x(i) = i + 31 + 121978*i**2 - 10 - 121977*i**2. Determine x(0).
21
Let y(z) be the second derivative of z**3/3 - 5*z**2 + 3*z. Suppose 0 = -612*m + 576*m + 288. What is y(m)?
6
Let o(d) = 5*d**2 - 275*d - 6. Let q be o(55). Let y(z) = 5*z + 77. Give y(q).
47
Let k(c) be the third derivative of -c**4/24 - 19*c**3/6 + 33*c**2 + 7. Let i be (-1)/(-3) - (-1)/(-3). What is k(i)?
-19
Let g(n) = -3*n + 2 + n**2 + 3 + n**3 + 3*n**2. Suppose 4*v + 5*a + 0*a + 5 = 0, 31 = -5*v + 2*a. What is g(v)?
-5
Let r(v) = -5*v**3 - v. Suppose 3328 = j + 4*j + 3*z, -3*j - 4*z + 1999 = 0. Suppose 42 = 7*c - j. Let s = c - 102. Determine r(s).
6
Let k(r) be the first derivative of -2*r**2 - 1/3*r**3 - 1 - 2*r. Let o = 116321 + -116325. Give k(o).
-2
Let a(n) be the first derivative